{"id":7835,"date":"2023-12-20T14:25:21","date_gmt":"2023-12-20T13:25:21","guid":{"rendered":"https:\/\/le-gout-des-autres.net\/WordPress3\/?page_id=7835"},"modified":"2023-12-20T14:25:22","modified_gmt":"2023-12-20T13:25:22","slug":"pain-dici-et-maintenant","status":"publish","type":"page","link":"https:\/\/le-gout-des-autres.net\/WordPress3\/pain-dici-et-maintenant\/","title":{"rendered":"Pain d&rsquo;ici et maintenant"},"content":{"rendered":"\n<p><em>Magali est \u00e9ducatrice sp\u00e9cialis\u00e9e, reconvertie en Boulang\u00e8re depuis 3 ans sur Auterive. <\/em><\/p>\n\n\n\n<p>Je vous propose des pains <strong>aux bl\u00e9s anciens <\/strong>cultiv\u00e9s sur Lagardelle sur L\u00e8ze et moulus sur meule de pierre. Je travaille mes p\u00e2tes avec du <strong>levain<\/strong> et cuis dans un four \u00e0 sole \u00e9lectrique.<\/p>\n\n\n\n<p>Une majorit\u00e9 des ingr\u00e9dients sont<strong> locaux<\/strong>\u00a0: Farine de bl\u00e9s anciens \u00e0 Lagardelle\/L\u00e9ze, Farine Petit \u00e9peautre \u00e0 Mirepoix, les \u0153ufs Auterive ainsi que l\u2019huile de tournesol de Muret. Je favorise les <strong>circuits courts <\/strong>au maximum pour le reste de mes ingr\u00e9dients.<\/p>\n\n\n\n<p>Tous les ingr\u00e9dients utilis\u00e9s dans le fournil sont issus de <strong>l\u2019agriculture biologique<\/strong>.<\/p>\n\n\n\n<p>Je propose des produits sans gluten mais aussi sans lactose.<\/p>\n\n\n\n<figure class=\"wp-block-image size-large\"><a href=\"https:\/\/le-gout-des-autres.net\/WordPress3\/wp-content\/uploads\/2023\/12\/pains_magali-1.png\"><img loading=\"lazy\" decoding=\"async\" width=\"1024\" height=\"819\" src=\"https:\/\/le-gout-des-autres.net\/WordPress3\/wp-content\/uploads\/2023\/12\/pains_magali-1-1024x819.png\" alt=\"\" class=\"wp-image-7838\" srcset=\"https:\/\/le-gout-des-autres.net\/WordPress3\/wp-content\/uploads\/2023\/12\/pains_magali-1-1024x819.png 1024w, https:\/\/le-gout-des-autres.net\/WordPress3\/wp-content\/uploads\/2023\/12\/pains_magali-1-300x240.png 300w, https:\/\/le-gout-des-autres.net\/WordPress3\/wp-content\/uploads\/2023\/12\/pains_magali-1-768x614.png 768w, https:\/\/le-gout-des-autres.net\/WordPress3\/wp-content\/uploads\/2023\/12\/pains_magali-1-1536x1229.png 1536w, https:\/\/le-gout-des-autres.net\/WordPress3\/wp-content\/uploads\/2023\/12\/pains_magali-1.png 2000w\" sizes=\"auto, (max-width: 1024px) 100vw, 1024px\" \/><\/a><\/figure>\n","protected":false},"excerpt":{"rendered":"<p>Magali est \u00e9ducatrice sp\u00e9cialis\u00e9e, reconvertie en Boulang\u00e8re depuis 3 ans sur Auterive. Je vous propose des pains aux bl\u00e9s anciens cultiv\u00e9s sur Lagardelle sur L\u00e8ze et moulus sur meule de pierre. Je travaille mes p\u00e2tes avec du levain et cuis dans un four \u00e0 sole \u00e9lectrique. Une majorit\u00e9 des ingr\u00e9dients sont locaux\u00a0: Farine de bl\u00e9s &#8230;<br \/><a class=\"read-more-link btn btn-outline-secondary\" href=\"https:\/\/le-gout-des-autres.net\/WordPress3\/pain-dici-et-maintenant\/\">Lire la suite<\/a><\/p>\n","protected":false},"author":6,"featured_media":0,"parent":0,"menu_order":0,"comment_status":"closed","ping_status":"closed","template":"","meta":{"footnotes":""},"class_list":["post-7835","page","type-page","status-publish","hentry"],"post_mailing_queue_ids":[],"_links":{"self":[{"href":"https:\/\/le-gout-des-autres.net\/WordPress3\/wp-json\/wp\/v2\/pages\/7835","targetHints":{"allow":["GET"]}}],"collection":[{"href":"https:\/\/le-gout-des-autres.net\/WordPress3\/wp-json\/wp\/v2\/pages"}],"about":[{"href":"https:\/\/le-gout-des-autres.net\/WordPress3\/wp-json\/wp\/v2\/types\/page"}],"author":[{"embeddable":true,"href":"https:\/\/le-gout-des-autres.net\/WordPress3\/wp-json\/wp\/v2\/users\/6"}],"replies":[{"embeddable":true,"href":"https:\/\/le-gout-des-autres.net\/WordPress3\/wp-json\/wp\/v2\/comments?post=7835"}],"version-history":[{"count":2,"href":"https:\/\/le-gout-des-autres.net\/WordPress3\/wp-json\/wp\/v2\/pages\/7835\/revisions"}],"predecessor-version":[{"id":7839,"href":"https:\/\/le-gout-des-autres.net\/WordPress3\/wp-json\/wp\/v2\/pages\/7835\/revisions\/7839"}],"wp:attachment":[{"href":"https:\/\/le-gout-des-autres.net\/WordPress3\/wp-json\/wp\/v2\/media?parent=7835"}],"curies":[{"name":"wp","href":"https:\/\/api.w.org\/{rel}","templated":true}]}}

<p><em>Magali est éducatrice spécialisée, reconvertie en Boulangère depuis 3 ans sur Auterive. </em></p>



<p>Je vous propose des pains <strong>aux blés anciens </strong>cultivés sur Lagardelle sur Lèze et moulus sur meule de pierre. Je travaille mes pâtes avec du <strong>levain</strong> et cuis dans un four à sole électrique.</p>



<p>Une majorité des ingrédients sont<strong> locaux</strong> : Farine de blés anciens à Lagardelle/Léze, Farine Petit épeautre à Mirepoix, les œufs Auterive ainsi que l’huile de tournesol de Muret. Je favorise les <strong>circuits courts </strong>au maximum pour le reste de mes ingrédients.</p>



<p>Tous les ingrédients utilisés dans le fournil sont issus de <strong>l’agriculture biologique</strong>.</p>



<p>Je propose des produits sans gluten mais aussi sans lactose.</p>



<figure class="wp-block-image size-large"><a href="https://le-gout-des-autres.net/WordPress3/wp-content/uploads/2023/12/pains_magali-1.png"><img loading="lazy" decoding="async" width="1024" height="819" src="https://le-gout-des-autres.net/WordPress3/wp-content/uploads/2023/12/pains_magali-1-1024x819.png" alt="" class="wp-image-7838" srcset="https://le-gout-des-autres.net/WordPress3/wp-content/uploads/2023/12/pains_magali-1-1024x819.png 1024w, https://le-gout-des-autres.net/WordPress3/wp-content/uploads/2023/12/pains_magali-1-300x240.png 300w, https://le-gout-des-autres.net/WordPress3/wp-content/uploads/2023/12/pains_magali-1-768x614.png 768w, https://le-gout-des-autres.net/WordPress3/wp-content/uploads/2023/12/pains_magali-1-1536x1229.png 1536w, https://le-gout-des-autres.net/WordPress3/wp-content/uploads/2023/12/pains_magali-1.png 2000w" sizes="auto, (max-width: 1024px) 100vw, 1024px" /></a></figure>

<p>Magali est éducatrice spécialisée, reconvertie en Boulangère depuis 3 ans sur Auterive. Je vous propose des pains aux blés anciens cultivés sur Lagardelle sur Lèze et moulus sur meule de pierre. Je travaille mes pâtes avec du levain et cuis dans un four à sole électrique. Une majorité des ingrédients sont locaux : Farine de blés &#8230;<br /><a class="read-more-link btn btn-outline-secondary" href="https://le-gout-des-autres.net/WordPress3/pain-dici-et-maintenant/">Lire la suite</a></p>
