{"id":6031,"date":"2019-12-01T09:12:52","date_gmt":"2019-12-01T08:12:52","guid":{"rendered":"http:\/\/le-gout-des-autres.net\/WordPress3\/?page_id=6031"},"modified":"2021-11-17T19:30:37","modified_gmt":"2021-11-17T18:30:37","slug":"les-savons-artisanaux-demilie","status":"publish","type":"page","link":"https:\/\/le-gout-des-autres.net\/WordPress3\/les-savons-artisanaux-demilie\/","title":{"rendered":"Les savons artisanaux d&rsquo;Emilie"},"content":{"rendered":"\n<p><strong>\u00c9milie <\/strong>a ouvert une <strong>savonnerie artisanale<\/strong> en mai 2019 \u00e0 Calmont.  <br>Ses produits ne contiennent que des <strong>mati\u00e8res premi\u00e8res locales<\/strong>, sans  additif superflu ni p\u00e9trochimique ni de synth\u00e8se, ce qui permet une  utilisation large et pour tout public. <br>Sa gamme est donc petite,  seulement 4 sortes de savons. La m\u00e9thode de  fabrication que j&rsquo;utilise est la <strong>saponification \u00e0 froid<\/strong>, qui permet la  pr\u00e9sence de glyc\u00e9rine naturellement. Ils sont tous surgras. Ce sont donc  des produits tr\u00e8s hydratants.<\/p>\n\n\n\n<div class=\"wp-block-image\"><figure class=\"aligncenter size-large\"><img loading=\"lazy\" decoding=\"async\" width=\"343\" height=\"275\" src=\"http:\/\/le-gout-des-autres.net\/WordPress3\/wp-content\/uploads\/2019\/12\/savon_artisanal.jpg\" alt=\"\" class=\"wp-image-6032\" srcset=\"https:\/\/le-gout-des-autres.net\/WordPress3\/wp-content\/uploads\/2019\/12\/savon_artisanal.jpg 343w, https:\/\/le-gout-des-autres.net\/WordPress3\/wp-content\/uploads\/2019\/12\/savon_artisanal-300x241.jpg 300w\" sizes=\"auto, (max-width: 343px) 100vw, 343px\" \/><\/figure><\/div>\n\n\n\n<p>Elle propose ses  produits dans des petits magasins locaux et sur les march\u00e9s, dont ceux du GdA !<\/p>\n\n\n\n<p><strong><span class=\"has-inline-color has-luminous-vivid-orange-color\">Pour tout savoir sur ses produits c&rsquo;est ici :  <a href=\"http:\/\/le-gout-des-autres.net\/WordPress3\/wp-content\/uploads\/2021\/11\/Descriptif_2021.pdf\" target=\"_blank\" rel=\"noreferrer noopener\">http:\/\/le-gout-des-autres.net\/WordPress3\/wp-content\/uploads\/2021\/11\/Descriptif_2021.pdf <\/a><\/span><\/strong><\/p>\n\n\n\n<p>Son site est bien fourni en explications: <a rel=\"noreferrer noopener\" href=\"http:\/\/www.sabonadis.com\" target=\"_blank\">www.sabonadis.com<\/a>.<\/p>\n\n\n\n<p>Un article avec une interview : <a href=\"https:\/\/actu.fr\/occitanie\/calmont_31100\/lauragais-on-pousse-porte-la-savonnerie-artisanale-sabonadis-installee-calmont_32671984.html\" target=\"_blank\" rel=\"noreferrer noopener\">https:\/\/actu.fr\/occitanie\/calmont_31100\/lauragais-on-pousse-porte-la-savonnerie-artisanale-sabonadis-installee-calmont_32671984.html<\/a><\/p>\n","protected":false},"excerpt":{"rendered":"<p>\u00c9milie a ouvert une savonnerie artisanale en mai 2019 \u00e0 Calmont. Ses produits ne contiennent que des mati\u00e8res premi\u00e8res locales, sans additif superflu ni p\u00e9trochimique ni de synth\u00e8se, ce qui permet une utilisation large et pour tout public. Sa gamme est donc petite, seulement 4 sortes de savons. La m\u00e9thode de fabrication que j&rsquo;utilise est &#8230;<br \/><a class=\"read-more-link btn btn-outline-secondary\" href=\"https:\/\/le-gout-des-autres.net\/WordPress3\/les-savons-artisanaux-demilie\/\">Lire la suite<\/a><\/p>\n","protected":false},"author":6,"featured_media":0,"parent":0,"menu_order":0,"comment_status":"closed","ping_status":"closed","template":"","meta":{"footnotes":""},"class_list":["post-6031","page","type-page","status-publish","hentry"],"post_mailing_queue_ids":[],"_links":{"self":[{"href":"https:\/\/le-gout-des-autres.net\/WordPress3\/wp-json\/wp\/v2\/pages\/6031","targetHints":{"allow":["GET"]}}],"collection":[{"href":"https:\/\/le-gout-des-autres.net\/WordPress3\/wp-json\/wp\/v2\/pages"}],"about":[{"href":"https:\/\/le-gout-des-autres.net\/WordPress3\/wp-json\/wp\/v2\/types\/page"}],"author":[{"embeddable":true,"href":"https:\/\/le-gout-des-autres.net\/WordPress3\/wp-json\/wp\/v2\/users\/6"}],"replies":[{"embeddable":true,"href":"https:\/\/le-gout-des-autres.net\/WordPress3\/wp-json\/wp\/v2\/comments?post=6031"}],"version-history":[{"count":3,"href":"https:\/\/le-gout-des-autres.net\/WordPress3\/wp-json\/wp\/v2\/pages\/6031\/revisions"}],"predecessor-version":[{"id":6754,"href":"https:\/\/le-gout-des-autres.net\/WordPress3\/wp-json\/wp\/v2\/pages\/6031\/revisions\/6754"}],"wp:attachment":[{"href":"https:\/\/le-gout-des-autres.net\/WordPress3\/wp-json\/wp\/v2\/media?parent=6031"}],"curies":[{"name":"wp","href":"https:\/\/api.w.org\/{rel}","templated":true}]}}