{"id":5988,"date":"2019-11-06T22:18:20","date_gmt":"2019-11-06T21:18:20","guid":{"rendered":"http:\/\/le-gout-des-autres.net\/WordPress3\/?page_id=5988"},"modified":"2019-11-06T22:25:55","modified_gmt":"2019-11-06T21:25:55","slug":"graines-dautan-a-lagardelle","status":"publish","type":"page","link":"https:\/\/le-gout-des-autres.net\/WordPress3\/graines-dautan-a-lagardelle\/","title":{"rendered":"Graines d&rsquo;Autan \u00e0 Lagardelle"},"content":{"rendered":"\n<p><strong>Nicolas et Victor <\/strong>produisent des c\u00e9r\u00e9ales, des ol\u00e9agineux, des l\u00e9gumineuses et des prot\u00e9agineux, dans les c\u00f4teaux du Lauragais et sur la Vall\u00e9e de la L\u00e8ze. Ils transforment leurs propres grains en <strong>farine <\/strong>et en <strong>huile<\/strong>.       <\/p>\n\n\n\n<figure class=\"wp-block-image\"><img loading=\"lazy\" decoding=\"async\" width=\"960\" height=\"720\" src=\"http:\/\/le-gout-des-autres.net\/WordPress3\/wp-content\/uploads\/2019\/11\/graines_autan_produits2.jpg\" alt=\"\" class=\"wp-image-5993\" srcset=\"https:\/\/le-gout-des-autres.net\/WordPress3\/wp-content\/uploads\/2019\/11\/graines_autan_produits2.jpg 960w, https:\/\/le-gout-des-autres.net\/WordPress3\/wp-content\/uploads\/2019\/11\/graines_autan_produits2-300x225.jpg 300w, https:\/\/le-gout-des-autres.net\/WordPress3\/wp-content\/uploads\/2019\/11\/graines_autan_produits2-768x576.jpg 768w\" sizes=\"auto, (max-width: 960px) 100vw, 960px\" \/><\/figure>\n\n\n\n<p>Pour les contacter :  06 84 49 42 85 ou 06 77 00 70 01       <br>nicolas.mittou at wanadoo.fr ou gomesferreira.victor at neuf.fr<br><a href=\"https:\/\/www.facebook.com\/Graines-dAutan-780422142328346\/\" target=\"_blank\" rel=\"noreferrer noopener\" aria-label=\"https:\/\/www.facebook.com\/Graines-dAutan-780422142328346\/ (s\u2019ouvre dans un nouvel onglet)\">https:\/\/www.facebook.com\/Graines-dAutan-780422142328346\/<\/a><\/p>\n\n\n\n<p><\/p>\n\n\n\n<figure class=\"wp-block-image\"><img loading=\"lazy\" decoding=\"async\" width=\"855\" height=\"625\" src=\"http:\/\/le-gout-des-autres.net\/WordPress3\/wp-content\/uploads\/2019\/11\/graines_autan.jpg\" alt=\"\" class=\"wp-image-5989\" srcset=\"https:\/\/le-gout-des-autres.net\/WordPress3\/wp-content\/uploads\/2019\/11\/graines_autan.jpg 855w, https:\/\/le-gout-des-autres.net\/WordPress3\/wp-content\/uploads\/2019\/11\/graines_autan-300x219.jpg 300w, https:\/\/le-gout-des-autres.net\/WordPress3\/wp-content\/uploads\/2019\/11\/graines_autan-768x561.jpg 768w\" sizes=\"auto, (max-width: 855px) 100vw, 855px\" \/><\/figure>\n","protected":false},"excerpt":{"rendered":"<p>Nicolas et Victor produisent des c\u00e9r\u00e9ales, des ol\u00e9agineux, des l\u00e9gumineuses et des prot\u00e9agineux, dans les c\u00f4teaux du Lauragais et sur la Vall\u00e9e de la L\u00e8ze. Ils transforment leurs propres grains en farine et en huile. Pour les contacter : 06 84 49 42 85 ou 06 77 00 70 01 nicolas.mittou at wanadoo.fr ou gomesferreira.victor &#8230;<br \/><a class=\"read-more-link btn btn-outline-secondary\" href=\"https:\/\/le-gout-des-autres.net\/WordPress3\/graines-dautan-a-lagardelle\/\">Lire la suite<\/a><\/p>\n","protected":false},"author":6,"featured_media":0,"parent":0,"menu_order":0,"comment_status":"closed","ping_status":"closed","template":"","meta":{"footnotes":""},"class_list":["post-5988","page","type-page","status-publish","hentry"],"post_mailing_queue_ids":[],"_links":{"self":[{"href":"https:\/\/le-gout-des-autres.net\/WordPress3\/wp-json\/wp\/v2\/pages\/5988","targetHints":{"allow":["GET"]}}],"collection":[{"href":"https:\/\/le-gout-des-autres.net\/WordPress3\/wp-json\/wp\/v2\/pages"}],"about":[{"href":"https:\/\/le-gout-des-autres.net\/WordPress3\/wp-json\/wp\/v2\/types\/page"}],"author":[{"embeddable":true,"href":"https:\/\/le-gout-des-autres.net\/WordPress3\/wp-json\/wp\/v2\/users\/6"}],"replies":[{"embeddable":true,"href":"https:\/\/le-gout-des-autres.net\/WordPress3\/wp-json\/wp\/v2\/comments?post=5988"}],"version-history":[{"count":4,"href":"https:\/\/le-gout-des-autres.net\/WordPress3\/wp-json\/wp\/v2\/pages\/5988\/revisions"}],"predecessor-version":[{"id":5995,"href":"https:\/\/le-gout-des-autres.net\/WordPress3\/wp-json\/wp\/v2\/pages\/5988\/revisions\/5995"}],"wp:attachment":[{"href":"https:\/\/le-gout-des-autres.net\/WordPress3\/wp-json\/wp\/v2\/media?parent=5988"}],"curies":[{"name":"wp","href":"https:\/\/api.w.org\/{rel}","templated":true}]}}