{"id":2327,"date":"2015-11-16T20:29:15","date_gmt":"2015-11-16T19:29:15","guid":{"rendered":"http:\/\/le-gout-des-autres.net\/WordPress3\/?page_id=2327"},"modified":"2024-10-14T09:16:06","modified_gmt":"2024-10-14T07:16:06","slug":"a-la-noix","status":"publish","type":"page","link":"https:\/\/le-gout-des-autres.net\/WordPress3\/a-la-noix\/","title":{"rendered":"A la noix"},"content":{"rendered":"<p><a href=\"http:\/\/le-gout-des-autres.net\/WordPress3\/wp-content\/uploads\/2015\/11\/imgres-1.jpg\"><img loading=\"lazy\" decoding=\"async\" class=\" size-full wp-image-2331 alignleft\" src=\"http:\/\/le-gout-des-autres.net\/WordPress3\/wp-content\/uploads\/2015\/11\/imgres-1.jpg\" alt=\"imgres-1\" width=\"183\" height=\"275\" \/><\/a><br \/><strong>La ferme d&rsquo;Elodie et Julien<\/strong>, nos producteurs de noix, est situ\u00e9e \u00e0 Betaille dans le Lot et, apr\u00e8s avoir plant\u00e9 des noyers entre 2001 et 2006, ils r\u00e9coltent maintenant de belles noix sur 9ha en agriculture biologique.<\/p>\n<p>Le reste de la ferme est un espace de jeux pour les\u00a040 maman-bovins, les veaux\u00a0coll\u00e9s \u00e0\u00a0leur m\u00e8re et des asperges en libert\u00e9 !<\/p>\n<p>Maintenant ils nous proposent leurs produits \u00e0 base de noix : huile, p\u00e2tes \u00e0 tartiner avec de nombreux parfums au choix (Noix nature, Noix cannelle, Noix vanille, Noix chocolat noir, Noix chocolat au lait et Noix Caramel beurre sal\u00e9 !) et tout nouveau les pr\u00e9parations pour g\u00e2teaux ou cookies aux noix !<\/p>\n\n\n<figure class=\"wp-block-image size-large is-resized\"><a href=\"https:\/\/le-gout-des-autres.net\/WordPress3\/wp-content\/uploads\/2024\/10\/prepa_noix.jpg\"><img loading=\"lazy\" decoding=\"async\" width=\"1024\" height=\"684\" src=\"https:\/\/le-gout-des-autres.net\/WordPress3\/wp-content\/uploads\/2024\/10\/prepa_noix-1024x684.jpg\" alt=\"\" class=\"wp-image-8440\" style=\"width:836px;height:auto\" srcset=\"https:\/\/le-gout-des-autres.net\/WordPress3\/wp-content\/uploads\/2024\/10\/prepa_noix-1024x684.jpg 1024w, https:\/\/le-gout-des-autres.net\/WordPress3\/wp-content\/uploads\/2024\/10\/prepa_noix-300x200.jpg 300w, https:\/\/le-gout-des-autres.net\/WordPress3\/wp-content\/uploads\/2024\/10\/prepa_noix-768x513.jpg 768w, https:\/\/le-gout-des-autres.net\/WordPress3\/wp-content\/uploads\/2024\/10\/prepa_noix-1536x1026.jpg 1536w, https:\/\/le-gout-des-autres.net\/WordPress3\/wp-content\/uploads\/2024\/10\/prepa_noix-2048x1368.jpg 2048w\" sizes=\"auto, (max-width: 1024px) 100vw, 1024px\" \/><\/a><\/figure>\n","protected":false},"excerpt":{"rendered":"<p>La ferme d&rsquo;Elodie et Julien, nos producteurs de noix, est situ\u00e9e \u00e0 Betaille dans le Lot et, apr\u00e8s avoir plant\u00e9 des noyers entre 2001 et 2006, ils r\u00e9coltent maintenant de belles noix sur 9ha en agriculture biologique. Le reste de la ferme est un espace de jeux pour les\u00a040 maman-bovins, les veaux\u00a0coll\u00e9s \u00e0\u00a0leur m\u00e8re et &#8230;<br \/><a class=\"read-more-link btn btn-outline-secondary\" href=\"https:\/\/le-gout-des-autres.net\/WordPress3\/a-la-noix\/\">Lire la suite<\/a><\/p>\n","protected":false},"author":4,"featured_media":0,"parent":0,"menu_order":0,"comment_status":"closed","ping_status":"closed","template":"","meta":{"footnotes":""},"class_list":["post-2327","page","type-page","status-publish","hentry"],"post_mailing_queue_ids":[],"_links":{"self":[{"href":"https:\/\/le-gout-des-autres.net\/WordPress3\/wp-json\/wp\/v2\/pages\/2327","targetHints":{"allow":["GET"]}}],"collection":[{"href":"https:\/\/le-gout-des-autres.net\/WordPress3\/wp-json\/wp\/v2\/pages"}],"about":[{"href":"https:\/\/le-gout-des-autres.net\/WordPress3\/wp-json\/wp\/v2\/types\/page"}],"author":[{"embeddable":true,"href":"https:\/\/le-gout-des-autres.net\/WordPress3\/wp-json\/wp\/v2\/users\/4"}],"replies":[{"embeddable":true,"href":"https:\/\/le-gout-des-autres.net\/WordPress3\/wp-json\/wp\/v2\/comments?post=2327"}],"version-history":[{"count":7,"href":"https:\/\/le-gout-des-autres.net\/WordPress3\/wp-json\/wp\/v2\/pages\/2327\/revisions"}],"predecessor-version":[{"id":8441,"href":"https:\/\/le-gout-des-autres.net\/WordPress3\/wp-json\/wp\/v2\/pages\/2327\/revisions\/8441"}],"wp:attachment":[{"href":"https:\/\/le-gout-des-autres.net\/WordPress3\/wp-json\/wp\/v2\/media?parent=2327"}],"curies":[{"name":"wp","href":"https:\/\/api.w.org\/{rel}","templated":true}]}}