{"id":186,"date":"2013-12-19T16:53:19","date_gmt":"2013-12-19T15:53:19","guid":{"rendered":"http:\/\/le-gout-des-autres.net\/WordPress3\/?page_id=186"},"modified":"2022-03-25T09:08:36","modified_gmt":"2022-03-25T08:08:36","slug":"le-porc-est-gascon-noir-et-libre","status":"publish","type":"page","link":"https:\/\/le-gout-des-autres.net\/WordPress3\/le-porc-est-gascon-noir-et-libre\/","title":{"rendered":"Le porc est gascon, noir et libre"},"content":{"rendered":"<p><img loading=\"lazy\" decoding=\"async\" class=\"alignright size-full wp-image-4844\" src=\"http:\/\/le-gout-des-autres.net\/WordPress3\/wp-content\/uploads\/2018\/06\/logo-AB-europeen.jpg\" alt=\"\" width=\"163\" height=\"72\" \/><b><a href=\"http:\/\/le-gout-des-autres.net\/WordPress3\/wp-content\/uploads\/2013\/12\/imgres3.jpg\"><img loading=\"lazy\" decoding=\"async\" class=\" size-full wp-image-1236 alignleft\" src=\"http:\/\/le-gout-des-autres.net\/WordPress3\/wp-content\/uploads\/2013\/12\/imgres3.jpg\" alt=\"imgres\" width=\"282\" height=\"179\" \/><\/a>&#8230; m\u00eame quand il est en saucisson !<\/b><\/p>\n<p><strong><b>Isabel DUBOIS de la Ferme s&rsquo;\u00e9gare \u00e0 Brie (09)<\/b>\u00a0et son mari <\/strong>sont naisseurs, \u00e9leveurs et engraisseurs de porcs gascons sur une exploitation agricole de 40 ha.<\/p>\n<p>Si vous jouez au jeu des 7 familles, n&rsquo;oubliez pas que dans la famille du Porc :<\/p>\n<p style=\"padding-left: 30px;\">la maman est la truie<br \/>\nl&rsquo;adolescente est la cochette<br \/>\nle papa est le verrat<br \/>\nle jeune enfant est le porcelet ou cochonnet ou goret selon votre humeur<br \/>\nle b\u00e9b\u00e9 sevr\u00e9 est le nourrain.<\/p>\n<p>Les porcs habitent dans une maison de paille avec une vue imprenable sur les Pyr\u00e9n\u00e9es.<\/p>\n<p>Les porcs se nourrissent exclusivement avec ce qu&rsquo;ils cultivent sur les champs. Ils n&rsquo;ach\u00e8tent aucun aliment destin\u00e9 \u00e0 l\u2019alimentation animale.<br \/>\nEt ils ont des copains chevaux pour agr\u00e9menter leurs journ\u00e9es.<\/p>\n<p><strong>La commande est environ tous les deux mois.<\/strong><br \/>\nIls vous proposent des <strong>caisses de 6kg<\/strong> ou des produits <strong>au d\u00e9tail :<\/strong> du saucisson, de la saucisse fraiche, des conserves (p\u00e2t\u00e9s, jambonneau, saucisse et langue confite).<\/p>\n<p>Pour en savoir plus : <a href=\"http:\/\/duboisisabel.wix.com\/lafermesegare\" target=\"_blank\" rel=\"noopener noreferrer\">http:\/\/duboisisabel.wix.com\/lafermesegare<\/a><\/p>\n","protected":false},"excerpt":{"rendered":"<p>&#8230; m\u00eame quand il est en saucisson ! Isabel DUBOIS de la Ferme s&rsquo;\u00e9gare \u00e0 Brie (09)\u00a0et son mari sont naisseurs, \u00e9leveurs et engraisseurs de porcs gascons sur une exploitation agricole de 40 ha. Si vous jouez au jeu des 7 familles, n&rsquo;oubliez pas que dans la famille du Porc : la maman est la &#8230;<br \/><a class=\"read-more-link btn btn-outline-secondary\" href=\"https:\/\/le-gout-des-autres.net\/WordPress3\/le-porc-est-gascon-noir-et-libre\/\">Lire la suite<\/a><\/p>\n","protected":false},"author":2,"featured_media":0,"parent":0,"menu_order":0,"comment_status":"closed","ping_status":"closed","template":"","meta":{"footnotes":""},"class_list":["post-186","page","type-page","status-publish","hentry"],"post_mailing_queue_ids":[],"_links":{"self":[{"href":"https:\/\/le-gout-des-autres.net\/WordPress3\/wp-json\/wp\/v2\/pages\/186","targetHints":{"allow":["GET"]}}],"collection":[{"href":"https:\/\/le-gout-des-autres.net\/WordPress3\/wp-json\/wp\/v2\/pages"}],"about":[{"href":"https:\/\/le-gout-des-autres.net\/WordPress3\/wp-json\/wp\/v2\/types\/page"}],"author":[{"embeddable":true,"href":"https:\/\/le-gout-des-autres.net\/WordPress3\/wp-json\/wp\/v2\/users\/2"}],"replies":[{"embeddable":true,"href":"https:\/\/le-gout-des-autres.net\/WordPress3\/wp-json\/wp\/v2\/comments?post=186"}],"version-history":[{"count":11,"href":"https:\/\/le-gout-des-autres.net\/WordPress3\/wp-json\/wp\/v2\/pages\/186\/revisions"}],"predecessor-version":[{"id":5687,"href":"https:\/\/le-gout-des-autres.net\/WordPress3\/wp-json\/wp\/v2\/pages\/186\/revisions\/5687"}],"wp:attachment":[{"href":"https:\/\/le-gout-des-autres.net\/WordPress3\/wp-json\/wp\/v2\/media?parent=186"}],"curies":[{"name":"wp","href":"https:\/\/api.w.org\/{rel}","templated":true}]}}