{"id":1748,"date":"2015-05-14T10:50:28","date_gmt":"2015-05-14T08:50:28","guid":{"rendered":"http:\/\/le-gout-des-autres.net\/WordPress3\/?page_id=1748"},"modified":"2022-03-25T09:09:52","modified_gmt":"2022-03-25T08:09:52","slug":"le-vin-du-bonheur","status":"publish","type":"page","link":"https:\/\/le-gout-des-autres.net\/WordPress3\/le-vin-du-bonheur\/","title":{"rendered":"Le vin du bonheur !"},"content":{"rendered":"<p><a href=\"http:\/\/www.graindefanny.com\/\" target=\"_blank\" rel=\"noopener\"><img loading=\"lazy\" decoding=\"async\" class=\" size-full wp-image-1749 alignnone\" src=\"http:\/\/le-gout-des-autres.net\/WordPress3\/wp-content\/uploads\/2015\/05\/index_3fixe.jpg\" alt=\"index_3fixe\" width=\"114\" height=\"122\" \/><\/a> <a href=\"http:\/\/www.graindefanny.com\/\" target=\"_blank\" rel=\"noopener\"><img loading=\"lazy\" decoding=\"async\" class=\"alignnone size-medium wp-image-1750\" src=\"http:\/\/le-gout-des-autres.net\/WordPress3\/wp-content\/uploads\/2015\/05\/index_1_fixe.jpg\" alt=\"index_1_fixe\" width=\"114\" height=\"122\" \/><\/a> <a href=\"http:\/\/www.graindefanny.com\/\" target=\"_blank\" rel=\"noopener\"><img loading=\"lazy\" decoding=\"async\" class=\"alignnone size-medium wp-image-1751\" src=\"http:\/\/le-gout-des-autres.net\/WordPress3\/wp-content\/uploads\/2015\/05\/index_6fixe.jpg\" alt=\"index_6fixe\" width=\"114\" height=\"122\" \/><\/a><\/p>\n<h6><a title=\"Grain de Fanny\" href=\"http:\/\/domainegraindefanny.com\/\" target=\"_blank\" rel=\"noopener\"><strong><span class=\"Style12\">Grain de Fanny<\/span><span class=\"Style13\"><span class=\"Style1\">,<\/span> c&rsquo;est Fanny Tisseyre<\/span><\/strong><\/a><\/h6>\n<p>une femme<span class=\"Style8\"><strong> libre <\/strong><\/span>et<span class=\"Style4\"><strong> vigneronne \u00a0 \u00a0 \u00a0\u00a0<\/strong>de la <span class=\"Style5\">sueur<\/span> et de la <span class=\"Style3\">m\u00e9ditation<\/span><\/span><\/p>\n<p>un <span class=\"Style3\">grain<\/span> de <strong>folie \u00a0 \u00a0 \u00a0 \u00a0 \u00a0<\/strong>des pieds sur<strong> <span class=\"Style4\">terre<\/span><\/strong><span class=\"Style4\"> et un brin de<\/span><strong><span class=\"Style4\"> divin \u00a0 \u00a0 \u00a0 \u00a0\u00a0<\/span><\/strong><\/p>\n<p>6 hectares de <span class=\"Style6\"><strong>vignes<\/strong> bichonn\u00e9es \u00a0 \u00a0 \u00a0\u00a0 du <span class=\"Style8\"><strong>soleil<\/strong><\/span> et du <strong>vent \u00a0 \u00a0\u00a0 <\/strong><span class=\"Style4\">un <\/span><strong><strong><span class=\"Style4\"><strong>terroir<\/strong> <\/span><\/strong><\/strong><span class=\"Style4\">des <\/span><strong><strong><span class=\"Style4\"><span class=\"Style4\">Corbi\u00e8res<\/span><\/span><\/strong><br \/>\n<\/strong><\/span><\/p>\n<p>des<span class=\"Style3\"> soins <span class=\"Style10\">naturels \u00a0 \u00a0 \u00a0une <span class=\"Style3\">cave<\/span> de poche \u00a0 \u00a0\u00a0un <strong>Massey Fergusson<\/strong><\/span><\/span><\/p>\n<h6 style=\"text-align: center;\"><strong>&#8230; et puis du <span class=\"Style11\">bonheur !<\/span><\/strong><\/h6>\n<div align=\"left\"><span style=\"text-decoration: underline;\"><span class=\"grostitres_vert\"><strong>Le Blanc<\/strong><\/span><span class=\"grostitres_grisfonce Style3\"> \u2026\u00e0 fredonner<\/span><\/span><\/div>\n<div align=\"left\"><em>\u00ab\u00a0L&rsquo;envie de fredonner une petite m\u00e9lodie fruit\u00e9e et perlante, avec ses profondeurs et ses envol\u00e9es.<\/em><em>La bouche est enchant\u00e9e par le bouquet final&#8230; et puis, se siffloter un second verre, en douce.\u00a0\u00bb<\/em><\/div>\n<div align=\"left\"><span class=\"contenusGrisfonce\">Les C\u00e9pages : <\/span><span class=\"contenusGrismoyen\">40% de Maccabeu, 30% de Grenache Blanc, 30% de Clairette du Languedoc.<\/span><\/div>\n<div align=\"left\"><\/div>\n<div align=\"left\"><span style=\"text-decoration: underline;\"><span class=\"grostitres_rose\"><strong>Le Ros\u00e9 <\/strong><\/span><\/span><span class=\"grostitres_grisfonce Style2\"><span style=\"text-decoration: underline;\">\u2026\u00e0 l\u00e9zarder<\/span><\/span><\/div>\n<div align=\"left\"><em>\u00ab\u00a0Une terrasse, plein sud, sous les cannisses. Un ciel d&rsquo;azur, une table, quelques verres.<\/em><em>Le Ros\u00e9 \u00e0 l\u00e9zarder, tr\u00e8s frais\u00a0: on attend les convives\u2026\u00a0\u00bb<\/em><\/div>\n<div align=\"left\"><span class=\"contenusGrisfonce\">Les C\u00e9pages : <\/span><span class=\"contenusGrismoyen\">un assemblage de grenache (70%), syrah (15%) et caladoc (15%).<\/span><\/div>\n<div align=\"left\"><\/div>\n<div align=\"left\">\n<div align=\"left\"><span style=\"text-decoration: underline;\"><span class=\"grostitres_rouge\"><strong>L&rsquo;\u00c9grapp\u00e9 <\/strong><\/span><span class=\"grostitres_grisfonce Style1\">\u2026\u00e0 picorer\u00a0<\/span><\/span><\/div>\n<div align=\"left\"><em><span class=\"titres_rouge\">\u00ab\u00a0Du rouge, joli et joyeux, pour une soir\u00e9e en friandise.<\/span><\/em><\/div>\n<div align=\"left\"><em>Des moments croquants de vin \u00e0 partager, un sourire aux l\u00e8vres&#8230;\u00a0\u00bb<\/em><\/div>\n<div align=\"left\"><span class=\"contenusGrisfonce\">Les C\u00e9pages :<\/span><span class=\"contenusGrismoyen\"> 40% de Grenache Noir (<em>Le Peyral<\/em> 18 ans) et 60% de Carignan (<em>Les Clots Migoto<\/em> 50 ans)<\/span><\/div>\n<div align=\"left\"><\/div>\n<div align=\"left\">\n<div align=\"left\"><span style=\"text-decoration: underline;\"><span class=\"grostitres_rouge\"><strong>Le Rouge<\/strong><\/span> <span class=\"grostitres_grisfonce Style1\">\u2026\u00e0 palabrer<\/span><\/span><\/div>\n<div align=\"left\"><em>\u00ab\u00a0Une soir\u00e9e d&rsquo;hiver, chaleureuse et confortable, bien install\u00e9s dans les fauteuils.<\/em><em>Les yeux s\u00e9duits par le feu de chemin\u00e9e, le Rouge \u00e0 palabrer nous accompagne, tout en profondeur&#8230;\u00a0\u00bb<\/em><\/div>\n<div align=\"left\"><span class=\"contenusGrisfonce\">Les C\u00e9pages :<\/span><span class=\"contenusGrismoyen\"> 50% de Carignan vieille vigne (<em>Les Grands Clots<\/em> 70 ans et <em>La Galinette<\/em> 100 ans) et 50% de Grenache Noir vieille vigne (<em>Les Argelats<\/em> 70 ans)<\/span><\/div>\n<div align=\"left\"><\/div>\n<div align=\"left\">\n<div align=\"left\"><span style=\"text-decoration: underline;\"><span class=\"grostitres_rouge\"><strong>Au Fil du Vent\u00a0<\/strong><\/span><\/span><\/div>\n<div align=\"left\"><em>\u00ab\u00a0L&rsquo;air est frais et printanier, le soleil lumineux et le ciel limpide.<\/em><em>On flirte sur la dentelle, le petit doigt en l&rsquo;air, avec \u00e9l\u00e9gance&#8230;\u00a0\u00bb<\/em><\/div>\n<div align=\"left\">Les C\u00e9pages : <span class=\"contenusGrismoyen\">65% de Carignan vieille vigne (<em>La Galinette<\/em> 100 ans) et 35% de Grenache Noir vieille vigne(<em>Le\u00a0Peyral<\/em>)<\/span><\/div>\n<\/div>\n<\/div>\n<\/div>\n<p>Toutes les infos sur <a href=\"http:\/\/domainegraindefanny.com\/\" target=\"_blank\" rel=\"noopener\">domainegraindefanny.com<\/a><\/p>\n","protected":false},"excerpt":{"rendered":"<p>Grain de Fanny, c&rsquo;est Fanny Tisseyre une femme libre et vigneronne \u00a0 \u00a0 \u00a0\u00a0de la sueur et de la m\u00e9ditation un grain de folie \u00a0 \u00a0 \u00a0 \u00a0 \u00a0des pieds sur terre et un brin de divin \u00a0 \u00a0 \u00a0 \u00a0\u00a0 6 hectares de vignes bichonn\u00e9es \u00a0 \u00a0 \u00a0\u00a0 du soleil et du vent \u00a0 &#8230;<br \/><a class=\"read-more-link btn btn-outline-secondary\" href=\"https:\/\/le-gout-des-autres.net\/WordPress3\/le-vin-du-bonheur\/\">Lire la suite<\/a><\/p>\n","protected":false},"author":4,"featured_media":0,"parent":0,"menu_order":0,"comment_status":"closed","ping_status":"closed","template":"","meta":{"footnotes":""},"class_list":["post-1748","page","type-page","status-publish","hentry"],"post_mailing_queue_ids":[],"_links":{"self":[{"href":"https:\/\/le-gout-des-autres.net\/WordPress3\/wp-json\/wp\/v2\/pages\/1748","targetHints":{"allow":["GET"]}}],"collection":[{"href":"https:\/\/le-gout-des-autres.net\/WordPress3\/wp-json\/wp\/v2\/pages"}],"about":[{"href":"https:\/\/le-gout-des-autres.net\/WordPress3\/wp-json\/wp\/v2\/types\/page"}],"author":[{"embeddable":true,"href":"https:\/\/le-gout-des-autres.net\/WordPress3\/wp-json\/wp\/v2\/users\/4"}],"replies":[{"embeddable":true,"href":"https:\/\/le-gout-des-autres.net\/WordPress3\/wp-json\/wp\/v2\/comments?post=1748"}],"version-history":[{"count":7,"href":"https:\/\/le-gout-des-autres.net\/WordPress3\/wp-json\/wp\/v2\/pages\/1748\/revisions"}],"predecessor-version":[{"id":6709,"href":"https:\/\/le-gout-des-autres.net\/WordPress3\/wp-json\/wp\/v2\/pages\/1748\/revisions\/6709"}],"wp:attachment":[{"href":"https:\/\/le-gout-des-autres.net\/WordPress3\/wp-json\/wp\/v2\/media?parent=1748"}],"curies":[{"name":"wp","href":"https:\/\/api.w.org\/{rel}","templated":true}]}}