{"id":1168,"date":"2015-03-05T10:59:08","date_gmt":"2015-03-05T09:59:08","guid":{"rendered":"http:\/\/le-gout-des-autres.net\/WordPress3\/?page_id=1168"},"modified":"2019-12-07T18:36:10","modified_gmt":"2019-12-07T17:36:10","slug":"un-bogue-de-chataignes","status":"publish","type":"page","link":"https:\/\/le-gout-des-autres.net\/WordPress3\/un-bogue-de-chataignes\/","title":{"rendered":"Un bogue de Ch\u00e2taignes"},"content":{"rendered":"<p><img loading=\"lazy\" decoding=\"async\" class=\"alignright size-full wp-image-4845\" src=\"http:\/\/le-gout-des-autres.net\/WordPress3\/wp-content\/uploads\/2018\/06\/logo-nature-et-progres.gif\" alt=\"\" width=\"99\" height=\"141\" \/>Rapha\u00ebl Herman est un producteur de ch\u00e2taignes qui habite un peu loin de chez nous (en Loz\u00e8re) mais il livre plusieurs Amaps Toulousaines et nous profitons de ces voyages Toulousains pour organiser nos commandes.<\/p>\n<p>Raphael vient 2 fois par an&#8230;\u00e0 ne pas rater !<\/p>\n<p><img loading=\"lazy\" decoding=\"async\" class=\" size-medium wp-image-1165 alignleft\" src=\"http:\/\/le-gout-des-autres.net\/WordPress3\/wp-content\/uploads\/2015\/03\/Chataignes-tt-height-400-crop-1-bgcolor-FFFFFF-300x200.jpg\" alt=\"Chataignes-tt-height-400-crop-1-bgcolor-FFFFFF\" width=\"300\" height=\"200\" srcset=\"https:\/\/le-gout-des-autres.net\/WordPress3\/wp-content\/uploads\/2015\/03\/Chataignes-tt-height-400-crop-1-bgcolor-FFFFFF-300x200.jpg 300w, https:\/\/le-gout-des-autres.net\/WordPress3\/wp-content\/uploads\/2015\/03\/Chataignes-tt-height-400-crop-1-bgcolor-FFFFFF.jpg 599w\" sizes=\"auto, (max-width: 300px) 100vw, 300px\" \/>Des produits avec la mention \u00ab\u00a0Nature et Progr\u00e8s\u00a0\u00bb<\/p>\n<p>&#8211; Confiture (ch\u00e2taignes + sucre)<br \/>\n&#8211; Pur\u00e9e (ch\u00e2taignes sans sucre)<br \/>\n&#8211; Ch\u00e2taignes au naturel (\u00e9pluch\u00e9es st\u00e9rilis\u00e9es)<br \/>\n&#8211; Ch\u00e2taignes fraiches (vari\u00e9t\u00e9 p\u00e9l\u00e9grine)<br \/>\n&#8211; Farine de ch\u00e2taignes<br \/>\n&#8211; Ch\u00e2taignons (ch\u00e2taignes \u00e9pluch\u00e9es et pel\u00e9es)<br \/>\n&#8211; et du bon miel de ch\u00e2taigner !<\/p>\n","protected":false},"excerpt":{"rendered":"<p>Rapha\u00ebl Herman est un producteur de ch\u00e2taignes qui habite un peu loin de chez nous (en Loz\u00e8re) mais il livre plusieurs Amaps Toulousaines et nous profitons de ces voyages Toulousains pour organiser nos commandes. Raphael vient 2 fois par an&#8230;\u00e0 ne pas rater ! Des produits avec la mention \u00ab\u00a0Nature et Progr\u00e8s\u00a0\u00bb &#8211; Confiture (ch\u00e2taignes &#8230;<br \/><a class=\"read-more-link btn btn-outline-secondary\" href=\"https:\/\/le-gout-des-autres.net\/WordPress3\/un-bogue-de-chataignes\/\">Lire la suite<\/a><\/p>\n","protected":false},"author":4,"featured_media":0,"parent":0,"menu_order":0,"comment_status":"open","ping_status":"open","template":"","meta":{"footnotes":""},"class_list":["post-1168","page","type-page","status-publish","hentry"],"post_mailing_queue_ids":[],"_links":{"self":[{"href":"https:\/\/le-gout-des-autres.net\/WordPress3\/wp-json\/wp\/v2\/pages\/1168","targetHints":{"allow":["GET"]}}],"collection":[{"href":"https:\/\/le-gout-des-autres.net\/WordPress3\/wp-json\/wp\/v2\/pages"}],"about":[{"href":"https:\/\/le-gout-des-autres.net\/WordPress3\/wp-json\/wp\/v2\/types\/page"}],"author":[{"embeddable":true,"href":"https:\/\/le-gout-des-autres.net\/WordPress3\/wp-json\/wp\/v2\/users\/4"}],"replies":[{"embeddable":true,"href":"https:\/\/le-gout-des-autres.net\/WordPress3\/wp-json\/wp\/v2\/comments?post=1168"}],"version-history":[{"count":5,"href":"https:\/\/le-gout-des-autres.net\/WordPress3\/wp-json\/wp\/v2\/pages\/1168\/revisions"}],"predecessor-version":[{"id":6085,"href":"https:\/\/le-gout-des-autres.net\/WordPress3\/wp-json\/wp\/v2\/pages\/1168\/revisions\/6085"}],"wp:attachment":[{"href":"https:\/\/le-gout-des-autres.net\/WordPress3\/wp-json\/wp\/v2\/media?parent=1168"}],"curies":[{"name":"wp","href":"https:\/\/api.w.org\/{rel}","templated":true}]}}